+ 3285. Give r(-9).
18
Let s(k) = k**2 + 31*k + 7. What is s(-10)?
-203
Let c(o) = -1226*o + 12255. Determine c(10).
-5
Let m(q) = -q**3 + 101*q**2 - 738*q - 546. Determine m(93).
12
Let p(o) = -3*o - 51. Determine p(-5).
-36
Let u(j) = j**3 + 16*j**2 + 13*j + 26. Give u(-6).
308
Let c(k) = 46*k - 35. Determine c(4).
149
Let z(i) = 50*i**2 + 257*i - 1132. What is z(-8)?
12
Let k(j) = -1839*j + 16. What is k(0)?
16
Let a(w) = w**2 + 74*w + 213. Determine a(-71).
0
Let l(h) = 1546*h + 7730. Determine l(-5).
0
Let u(d) = -54*d - 631. Determine u(-11).
-37
Let p(y) = -3*y**2 + 13*y + 56. Give p(-3).
-10
Let i(b) = 3*b**3 - 5*b**2 - 10*b + 16. Give i(3).
22
Let v(a) = 17*a**2 - 18*a + 14. Determine v(1).
13
Let y(r) = -r + 30. What is y(12)?
18
Let p(l) = 108*l - 276. What is p(6)?
372
Let p(f) = -13571*f + 366418. Calculate p(27).
1
Let h(c) = 179*c**2 + 36*c - 37. Determine h(1).
178
Let h(t) = -2*t**3 + 6*t**2 + 25*t - 22. Give h(-3).
11
Let c(r) = -11*r**2 - 112*r + 59. Calculate c(-11).
-40
Let u(a) = a**3 - 7*a**2 - 11*a - 39. Determine u(9).
24
Let m(c) = -c**2 + 3*c - 105. Give m(-15).
-375
Let j(p) = -146*p - 3085. Give j(-21).
-19
Let p(f) = -39*f - 72. Determine p(-2).
6
Let g(s) = -7*s + 417. Calculate g(58).
11
Let d(y) = -21*y - 971. Determine d(-36).
-215
Let q(b) = -204*b**2 + 1224*b - 8. Give q(6).
-8
Let n(r) = 8743*r + 8743. Determine n(-1).
0
Let a(p) = -p**2 + 55*p + 2003. Give a(80).
3
Let i(h) = 12*h**2 + 238*h - 44. Calculate i(-20).
-4
Let n(t) = t**3 - 76*t**2 + 2*t - 173. Give n(76).
-21
Let h(r) = r**3 - 59*r**2 - 118*r - 224. Determine h(61).
20
Let k(x) = x**3 - 18*x**2 - 21*x + 71. Calculate k(19).
33
Let g(f) = -1211*f + 531627. Determine g(439).
-2
Let w(h) = -154*h + 148. Calculate w(-2).
456
Let b(d) = -d**3 + 5*d - 45. Determine b(0).
-45
Let j(l) = -3*l**2 + 288*l - 6667. Calculate j(39).
2
Let m(r) = -21*r**2 - 32*r + 21. Give m(-3).
-72
Let k(f) = -41*f + 230. What is k(13)?
-303
Let t(a) = a**3 - 10*a**2 - 7*a - 50. Give t(11).
-6
Let o(n) = -n**3 + 2*n**2 + 118*n + 28. What is o(12)?
4
Let q(s) = 5*s + 10. Determine q(-26).
-120
Let w(i) = -i**2 - 101*i - 473. Give w(-5).
7
Let v(b) = -836*b - 7530. Give v(-9).
-6
Let m(l) = 7*l**2 - 362*l + 613. Determine m(50).
13
Let v(c) = 43*c**2 - 7*c - 7. Calculate v(-1).
43
Let o(g) = -2*g**3 - 23*g**2 - 34*g - 51. Calculate o(-10).
-11
Let j(q) = -755*q**2 + 25*q. Determine j(1).
-730
Let g(d) = -d**3 + 8*d**2 + 5*d + 3. What is g(10)?
-147
Let x(o) = 9*o**2 + 44*o + 37. Give x(-4).
5
Let c(n) = 2*n**3 - 31*n**2 - 43*n - 133. Calculate c(17).
3
Let p(h) = 6554*h + 45883. Calculate p(-7).
5
Let u(t) = -t**3 - 33*t**2 + 32*t - 90. Give u(-34).
-22
Let j(h) = 77*h**3 + 4*h + 2. What is j(-1)?
-79
Let s(f) = -f**3 + 16*f**2 - 4*f + 82. What is s(16)?
18
Let t(p) = -4*p**2 - 2*p + 37. What is t(6)?
-119
Let y(i) = -212*i - 1385. Calculate y(-7).
99
Let w(k) = 608*k**2 - 5*k + 7. Give w(1).
610
Let g(f) = f**3 + 4*f**2 + 2*f - 9. Determine g(-3).
-6
Let q(t) = -t**3 - 173*t**2 + 13*t + 2243. Determine q(-173).
-6
Let i(h) = -2*h**3 - 34*h**2 + 46*h + 239. Calculate i(-18).
59
Let o(t) = t**3 + 2*t**2 + 8*t + 57. Give o(0).
57
Let g(r) = r**3 - 64*r**2 + 297*r - 140. Give g(59).
-22
Let t(g) = -g**3 + 11*g**2 - 37*g + 151. Calculate t(9).
-20
Let y(n) = n**2 + 2*n - 123. What is y(-8)?
-75
Let a(s) = -306*s + 72. Determine a(1).
-234
Let j(g) = -136*g - 79. Determine j(-1).
57
Let b(l) = -3*l**3 + 2*l**2 + 7*l + 41. Determine b(-4).
237
Let w(v) = -v**3 + 2*v**2 - 208*v + 4. Calculate w(0).
4
Let o(s) = -12*s**2 - 9*s + 100. Determine o(5).
-245
Let n(u) = 4*u**2 - 50*u + 78. What is n(11)?
12
Let i(r) = -30*r + 189. Determine i(6).
9
Let s(n) = -2*n**2 - 45*n - 119. Give s(-19).
14
Let c(d) = 9*d**2 - 12*d - 5. Determine c(4).
91
Let n(b) = 8*b**3 + 3*b**2 + 12*b + 18. Give n(-2).
-58
Let t(c) = 12*c**2 - 119*c - 119. What is t(-1)?
12
Let s(b) = 2*b**2 + 54*b + 94. Give s(-25).
-6
Let y(z) = 2*z**3 - 100*z**2 + 194*z - 31. Give y(48).
65
Let g(x) = 63*x - 1089. Give g(15).
-144
Let i(b) = b**3 - 47*b**2 + 3*b - 97. What is i(47)?
44
Let b(r) = -181*r + 232. Determine b(2).
-130
Let g(w) = -w**2 - 71*w - 329. Calculate g(-5).
1
Let h(g) = -31*g + 264. What is h(10)?
-46
Let n(v) = -2*v**2 - v - 13. What is n(-9)?
-166
Let j(q) = q**2 + 165*q + 33. Calculate j(0).
33
Let g(n) = n**3 - 32*n**2 + 215*n - 213. What is g(23)?
-29
Let o(y) = 17*y - 57. Give o(3).
-6
Let p(x) = -x**2 - 58*x - 786. Determine p(-21).
-9
Let y(z) = 5*z**2 + 41*z - 15. Give y(-7).
-57
Let h(a) = -46*a - 1735. What is h(-38)?
13
Let u(c) = c**2 + 6*c - 147. What is u(7)?
-56
Let x(b) = -2*b + 79. Calculate x(59).
-39
Let t(f) = f**3 - 115*f**2 + 758*f + 5. What is t(7)?
19
Let l(i) = 130*i + 4553. Calculate l(-35).
3
Let j(i) = -794*i + 92902. Calculate j(117).
4
Let l(p) = -22*p - 646. What is l(-33)?
80
Let x(k) = -k**2 - 79*k + 707. Give x(8).
11
Let o(t) = -257*t + 84. What is o(-1)?
341
Let j(m) = -10981*m - 65890. What is j(-6)?
-4
Let c(m) = 37*m**2 + 410*m - 3. What is c(-11)?
-36
Let w(j) = -114*j + 1461. Give w(13).
-21
Let r(x) = -7*x - 243. What is r(-36)?
9
Let f(r) = r**2 - 1294*r + 15. Determine f(0).
15
Let y(v) = 160*v + 1019. Determine y(-7).
-101
Let g(w) = 32*w**3 - 3*w**2 - 3*w + 5. Give g(1).
31
Let f(q) = 473*q - 2900. Determine f(5).
-535
Let y(x) = -x**3 - 93*x**2 + 90*x - 332. What is y(-94)?
44
Let f(s) = -38*s - 129. Determine f(-4).
23
Let j(a) = -5*a**2 - 41*a + 158. Calculate j(4).
-86
Let m(x) = 4*x**3 + 61*x**2 + 8*x - 53. Give m(-15).
52
Let p(c) = c**3 - c**2 - 59*c - 51. What is p(9)?
66
Let a(m) = -m**3 - 6*m**2 - m - 57. Calculate a(-7).
-1
Let f(d) = -23*d - 40. Give f(-11).
213
Let n(y) = 7*y**2 - 33*y + 18. Determine n(4).
-2
Let y(v) = -v**3 - 6*v**2 - v - 22. Give y(-6).
-16
Let n(q) = 2*q**2 - 162*q - 177. What is n(82)?
-13
Let x(n) = 4*n**2 + 383*n + 2480. Give x(-7).
-5
Let c(d) = 4*d**2 - 106*d - 153. Give c(27).
-99
Let k(f) = -34*f**2 + 1062*f - 230. Give k(31).
18
Let k(s) = -413*s - 12388. Calculate k(-30).
2
Let o(k) = -84*k + 21. Give o(-1).
105
Let h(s) = s**2 + 132*s - 649. Give h(5).
36
Let d(x) = -2*x**3 + 55*x**2 + 63*x - 4. Calculate d(28).
976
Let m(q) = -3*q**2 - 23*q - 28. Determine m(-7).
-14
Let g(l) = -l**3 + 26*l**2 + 33*l + 4. Determine g(27).
166
Let z(c) = 1702*c + 17086. Determine z(-10).
66
Let x(v) = 2*v + 107. Give x(0).
107
Let s(j) = 10*j - 409. Determine s(43).
21
Let b(k) = 351*k**2 + 2450*k - 48. Determine b(-7).
1
Let i(v) = -v**2 - 23*v - 55. Determine i(-14).
71
Let d(m) = m**2 + 337*m + 1003. Give d(-3).
1
Let q(u) = 26*u**2 + 630*u + 111. Determine q(-24).
-33
Let y(j) = -j**3 + 42*j**2 - 36*j - 266. Give y(41).
-61
Let r(j) = j**3 - j**2 - 7*j + 28. Calculate r(-5).
-87
Let i(q) = -3*q**2 - 49*q + 162. Give i(3).
-12
Let z(j) = -1996*j - 37854. Give z(-19).
70
Let x(c) = 2*c**2 + 30*c - 102. What is x(3)?
6
Let r(b) = -5*b**3 - 745*b**2 - 12*b - 1770. Give r(-149).
18
Let r(z) = 30*z - 296. Determine r(9).
-26
Let t(i) = -6*i**2 - 25*i + 168. Give t(9).
-543
Let f(z) = -292*z**2 - 13*z - 1. Give f(1).
-306
Let w(x) = -x**3 + 40*x**2 + 271*x + 221. What is w(46)?
-9
Let z(d) = d**3 - 46*d**2 + 465*d. Calculate z(15).
0
Let i(f) = f**3 - 72*f**2 + 95*f - 12265. Give i(73).
-1
Let r(z) = -2*z**2 + 38*z + 257. Calculate r(18).
293
Let x(p) = -2*p**3 + 207*p**2 - 3815*p - 27. What is x(24)?
-3
Let w(m) = 2*m**2 + 60*m + 20. What is w(-29)?
-38
Let f(o) = 2214*o**2 - 44277*o - 64. Give f(20).
-4
Let m(y) = -106*y + 53. Determine m(1).
-53
Let z(w) = -w**2 - 584*w - 83497. Calculate z(-334).
3
Let c(m) = -97142*m + 388563. Give c(4).
-5
Let x(f) = -20*f - 1300. Determine x(-65).
0
Let j(g) = -2*g**2 + 21*g + 5. Calculate j(-8).
-291
Let h(s) = -34*s**2 + 36*s - 2. Calculate h(2).
-66
Let s(k) = -k**3 - 32*k**2 - 70*k - 333. Calculate s(-30).
-33
Let n(b) = b**2 - 50*b + 473. Give n(41).
104
Let w(k) = -2283*k - 4592. What is w(-2)?
-26
Let b(v) = -23*v**2 - 2689*v + 2945. Calculate b(-118).
-5
Let u(a) = 2*a**3 + 157*a**2 + 74*a - 314. Determine u(-78).
-2
Let j(d) = d**3 + 34*d**2 + 60*d - 138. Calculate j(-32).
-10
Let l(w) = 259*w**2 + 23568*w - 109. Calculate l(-91).
-18
Let v(b) = 3*b**3 + 31*b**2 - 25*b - 264. Wh